{"id":1865,"date":"2018-11-20T09:52:56","date_gmt":"2018-11-20T08:52:56","guid":{"rendered":"https:\/\/riks.ungoteket.se\/orientering\/?page_id=1865"},"modified":"2019-05-17T10:43:38","modified_gmt":"2019-05-17T08:43:38","slug":"finansiering","status":"publish","type":"page","link":"https:\/\/riks.ungoteket.se\/orientering\/finansiering\/","title":{"rendered":"Finansiering"},"content":{"rendered":"<div   data-size='featured'  data-lightbox_size='large'  data-animation='slide'  data-conditional_play=''  data-ids='1866'  data-video_counter='0'  data-autoplay='false'  data-bg_slider='false'  data-slide_height=''  data-handle='av_slideshow'  data-interval='5'  data-class=' avia-builder-el-0  el_before_av_one_full  avia-builder-el-first  '  data-el_id=''  data-css_id=''  data-scroll_down=''  data-control_layout='av-control-default'  data-custom_markup=''  data-perma_caption=''  data-autoplay_stopper=''  data-image_attachment=''  data-min_height='0px'  data-lazy_loading='disabled'  data-default-height='28.6666666667'  class='avia-slideshow avia-slideshow-1  av-control-default av-default-height-applied avia-slideshow-featured av_slideshow  avia-builder-el-0  el_before_av_one_full  avia-builder-el-first   avia-slide-slider '  itemprop=\"image\" itemscope=\"itemscope\" itemtype=\"https:\/\/schema.org\/ImageObject\" ><ul class='avia-slideshow-inner ' style='padding-bottom: 41.3333333333%;' ><li  class=' av-single-slide slide-1 ' ><div data-rel='slideshow-1' class='avia-slide-wrap '   ><div class=\"avia-caption av-slideshow-caption\"><div class=\"avia-inner-caption\"><h2  class='avia-caption-title  '  itemprop=\"name\" >Finansiering<\/h2><\/div><\/div><img class=\"wp-image-1866 avia-img-lazy-loading-not-1866\"  src='https:\/\/riks.ungoteket.se\/orientering\/wp-content\/uploads\/sites\/2\/2018\/11\/Finansiering-mynth\u00f6gar.jpg' width='450' height='186' title='Finansiering mynth\u00f6gar' alt=''  itemprop=\"thumbnailUrl\"   \/><\/div><\/li><\/ul><\/div>\n<div class=\"flex_column av_one_full  flex_column_div av-zero-column-padding first  avia-builder-el-1  el_after_av_slideshow  el_before_av_one_full  \" style='border-radius:0px; '><section class=\"av_textblock_section \"  itemscope=\"itemscope\" itemtype=\"https:\/\/schema.org\/CreativeWork\" ><div class='avia_textblock  '   itemprop=\"text\" ><p>Deltagande i Ungoteket Riks \u00e4r f\u00f6renat med en kostnad men vi har verkligen f\u00f6rs\u00f6kt h\u00e5lla nere kursavgiften. Bland annat genom att subventionera resorna s\u00e5 att det inte ska inneb\u00e4ra h\u00f6gre total kostnad f\u00f6r en deltagare som har l\u00e5ngt att resa f\u00f6r att komma till utbildningen j\u00e4mf\u00f6rt med en deltagare som bor\u00a0n\u00e4rmre.<\/p>\n<p>Fr\u00e5n Idrottslyftet kommer ytterligare en subvention av deltagaravgiften att g\u00f6ras f\u00f6r de som fullf\u00f6ljer utbildningen.\u00a0Sammanlagt 3000 kronor, det vill s\u00e4ga 1000 kronor per tillf\u00e4lle motsvarande vad SOFT subventionerar per tillf\u00e4lle f\u00f6r tr\u00e4narutbildningar. Subventionen betalas ut i efterhand n\u00e4r alla delar i utbildningen \u00e4r genomf\u00f6rd. Deltagarens f\u00f6reningen faktureras 9 900 kr och utbetalning av subvention till f\u00f6reningen g\u00f6rs sedan utan att ans\u00f6kan om bidrag fr\u00e5n Idrottslyftet beh\u00f6ver g\u00f6ras.<\/p>\n<p>Vi vill uppmana dig som vill delta i Ungoteket Risk att prata med din f\u00f6rening och f\u00f6rankra ditt deltagande och finansiellt st\u00f6d.<\/p>\n<p>F\u00f6r deltagare\/f\u00f6rening som har behov av ytterligare finansieringsst\u00f6d ut\u00f6ver subventioneringen har vi samlat en del tips p\u00e5 denna sida. Alla f\u00f6reningar och distrikt har olika f\u00f6ruts\u00e4ttningar och olika l\u00f6sningar p\u00e5 hur Ungoteket Riks kan finansieras.\u00a0 P\u00e5 denna sida finner ni tips p\u00e5 m\u00f6jliga finansieringsst\u00f6d.<\/p>\n<\/div><\/section><\/div><div class=\"flex_column av_one_full  flex_column_div av-zero-column-padding first  avia-builder-el-3  el_after_av_one_full  avia-builder-el-last  column-top-margin\" style='border-radius:0px; '><p><section class=\"av_textblock_section \"  itemscope=\"itemscope\" itemtype=\"https:\/\/schema.org\/CreativeWork\" ><div class='avia_textblock  '   itemprop=\"text\" ><p>Klick p\u00e5\u00a0pluset\u00a0(+) \u00a0f\u00f6r att ta del av de tips som rubrikerna anger.<\/p>\n<\/div><\/section><br \/>\n<div   class=\"togglecontainer  av-minimal-toggle toggle_close_all  avia-builder-el-5  el_after_av_textblock  avia-builder-el-last \" >\n<section class=\"av_toggle_section\"  itemscope=\"itemscope\" itemtype=\"https:\/\/schema.org\/CreativeWork\"  >    <div role=\"tablist\" class=\"single_toggle\" data-tags=\"{Alla} \"  >        <p data-fake-id=\"#toggle-id-1\" class=\"toggler  av-inherit-border-color \"  itemprop=\"headline\"  style='border-color: #003a6a; '  role=\"tab\" tabindex=\"0\" aria-controls=\"toggle-id-1\">Idrottslyft fr\u00e5n Svenska Orienteringsf\u00f6rbundet<span class=\"toggle_icon\" >        <span class=\"vert_icon\"><\/span><span class=\"hor_icon\"><\/span><\/span><\/p>        <div id=\"toggle-id-1\" class=\"toggle_wrap \"   >            <div class=\"toggle_content invers-color  av-inherit-border-color \"  itemprop=\"text\"  style='border-color: #003a6a; ' ><p>Svenska Orienteringsf\u00f6rbundet f\u00f6rdelar medel inom Idrottslyftet f\u00f6r satsningar p\u00e5 barn och ungdomar 7-25 \u00e5r. L\u00e4s mer om Idrottslyftet p\u00e5 <a href=\"http:\/\/www.svenskorientering.se\/forening\/Idrottslyftet2018\/\">f\u00f6rbundets hemsida<\/a>. Subventionen f\u00f6r deltagande i Ungoteket Riks beskrivs ovan, ut\u00f6ver det kan medel s\u00f6kas f\u00f6r genomf\u00f6rande av projekt i f\u00f6reningen som \u00e4r inom riktlinjerna f\u00f6r Idrottslyftet.<\/p>\n            <\/div>        <\/div>    <\/div><\/section>\n<section class=\"av_toggle_section\"  itemscope=\"itemscope\" itemtype=\"https:\/\/schema.org\/CreativeWork\"  >    <div role=\"tablist\" class=\"single_toggle\" data-tags=\"{Alla} \"  >        <p data-fake-id=\"#toggle-id-2\" class=\"toggler  av-inherit-border-color \"  itemprop=\"headline\"  style='border-color: #003a6a; '  role=\"tab\" tabindex=\"0\" aria-controls=\"toggle-id-2\">F\u00f6reningsresurs fr\u00e5n SISU Idrottsutbildarna<span class=\"toggle_icon\" >        <span class=\"vert_icon\"><\/span><span class=\"hor_icon\"><\/span><\/span><\/p>        <div id=\"toggle-id-2\" class=\"toggle_wrap \"   >            <div class=\"toggle_content invers-color  av-inherit-border-color \"  itemprop=\"text\"  style='border-color: #003a6a; ' ><p>SISU \u00e4r Idrottens utbildningsorgan och hj\u00e4lper till med f\u00f6reningsutveckling och utbildning. F\u00f6reningar som samverkar med SISU, och som \u00e4ven redovisar utbildnings- och utvecklingstimmar som f\u00f6reningen g\u00f6r, har m\u00f6jlighet att f\u00e5 en del utbildnings- och utvecklingskostnader finansierade genom SISU (den s\u00e5 kallade SISU-resursen). Hur just er f\u00f6renings m\u00f6jligheter ser ut st\u00e4mmer ni l\u00e4mpligast av med er f\u00f6renings idrottskonsulent.<\/p>\n<p><a href=\"http:\/\/www.sisuidrottsutbildarna.se\/Kontakt\/hittadistriktochforbund\/\">H\u00e4r kan du s\u00f6ka p\u00e5 ditt distrikt och hitta er f\u00f6renings idrottskonsulent.<\/a><\/p>\n            <\/div>        <\/div>    <\/div><\/section>\n<section class=\"av_toggle_section\"  itemscope=\"itemscope\" itemtype=\"https:\/\/schema.org\/CreativeWork\"  >    <div role=\"tablist\" class=\"single_toggle\" data-tags=\"{Alla} \"  >        <p data-fake-id=\"#toggle-id-3\" class=\"toggler  av-inherit-border-color \"  itemprop=\"headline\"  style='border-color: #003a6a; '  role=\"tab\" tabindex=\"0\" aria-controls=\"toggle-id-3\">Lokalt kommunbidrag f\u00f6r ledarutveckling eller s\u00e4rskilt st\u00f6d <span class=\"toggle_icon\" >        <span class=\"vert_icon\"><\/span><span class=\"hor_icon\"><\/span><\/span><\/p>        <div id=\"toggle-id-3\" class=\"toggle_wrap \"   >            <div class=\"toggle_content invers-color  av-inherit-border-color \"  itemprop=\"text\"  style='border-color: #003a6a; ' ><p>M\u00e5nga kommuner ger ideella f\u00f6reningar m\u00f6jlighet till st\u00f6d f\u00f6r utbildning\/fortbildning av ledare och s\u00e4rskilt angel\u00e4get \u00e4r det ofta n\u00e4r fr\u00e5gan r\u00f6r unga ledare. Unders\u00f6k vad som g\u00e4ller i er kommun och nyttja den m\u00f6jlighet som finns. Ta kontakt med den f\u00f6rvaltning i just din kommun som handl\u00e4gger bidrag till idrottens f\u00f6reningar. Du kan ocks\u00e5 s\u00f6ka p\u00e5 \u201dBidrag f\u00f6rening\u201d och er kommun p\u00e5 internet s\u00e5 kommer ni l\u00e4tt in p\u00e5 r\u00e4tt sida och kan l\u00e4sa mer.<\/p>\n            <\/div>        <\/div>    <\/div><\/section>\n<\/div><\/p><\/div><\/p>\n","protected":false},"excerpt":{"rendered":"","protected":false},"author":1,"featured_media":0,"parent":0,"menu_order":0,"comment_status":"closed","ping_status":"closed","template":"","meta":{"footnotes":""},"_links":{"self":[{"href":"https:\/\/riks.ungoteket.se\/orientering\/wp-json\/wp\/v2\/pages\/1865"}],"collection":[{"href":"https:\/\/riks.ungoteket.se\/orientering\/wp-json\/wp\/v2\/pages"}],"about":[{"href":"https:\/\/riks.ungoteket.se\/orientering\/wp-json\/wp\/v2\/types\/page"}],"author":[{"embeddable":true,"href":"https:\/\/riks.ungoteket.se\/orientering\/wp-json\/wp\/v2\/users\/1"}],"replies":[{"embeddable":true,"href":"https:\/\/riks.ungoteket.se\/orientering\/wp-json\/wp\/v2\/comments?post=1865"}],"version-history":[{"count":8,"href":"https:\/\/riks.ungoteket.se\/orientering\/wp-json\/wp\/v2\/pages\/1865\/revisions"}],"predecessor-version":[{"id":2063,"href":"https:\/\/riks.ungoteket.se\/orientering\/wp-json\/wp\/v2\/pages\/1865\/revisions\/2063"}],"wp:attachment":[{"href":"https:\/\/riks.ungoteket.se\/orientering\/wp-json\/wp\/v2\/media?parent=1865"}],"curies":[{"name":"wp","href":"https:\/\/api.w.org\/{rel}","templated":true}]}}